Opotiki, Bay of Plenty, NZ weather

NOAA Style Climate Reports

Select a Year or Month report
V/Λ2018 > Jan Feb Mar Apr May Jun Jul Aug Sep Oct Nov Dec
V/Λ2017 > Jan Feb Mar Apr May Jun Jul Aug Sep Oct Nov Dec
V/Λ2016 > Jan Feb Mar Apr May Jun Jul Aug Sep Oct Nov Dec
V/Λ2015 > Jan Feb Mar Apr May Jun Jul Aug Sep Oct Nov Dec
V/Λ2014 > Jan Feb Mar Apr May Jun Jul Aug Sep Oct Nov Dec

Report for 2016 Jan
                   Monthly Climatological Summary for Jan 2016

Name: Opotiki Town   City: Opotiki   State: Bay of Plenty, NZ.
Elevation: 7 m  Lat: S 38 00' 32"   Lon: E 177 17' 16"

                  Temperature (C), Rain (mm), Wind Speed (km/h)

                                      Heat  Cool        Avg
    Mean                              Deg   Deg         Wind                 Dom
Day Temp  High   Time   Low    Time   Days  Days  Rain  Speed High   Time    Dir
----------------------------------------------------------------------------------
 1  19.1  26.7   10:25  12.8   04:29   1.4   2.2   3.0   0.6  12.2   11:18     N
 2  18.1  21.0   13:03  16.4   00:53   0.7   0.5  14.7   1.3  18.4   08:41   NNE
 3  20.6  25.7   15:01  18.4   00:00   0.0   2.3  38.4   3.3  18.4   07:42     N
 4  18.5  26.2   15:14  11.1   23:49   1.6   1.8   2.4   1.5  28.1   17:16     N
 5  17.9  28.2   12:51   7.8   06:20   3.6   3.2   0.0   1.1  12.2   15:12   NNW
 6  18.8  30.0   13:56   7.7   06:06   3.1   3.6   0.0   1.4  14.8   15:10    NW
 7  20.2  27.9   16:21  15.6   06:56   0.6   2.5   0.0   2.4  12.2   11:23   NNE
 8  19.4  22.7   11:21  17.6   00:49   0.1   1.2  25.5   4.8  33.1   18:33   NNE
 9  23.1  31.1   17:00  15.8   23:39   0.1   4.9   0.0   2.5  19.4   13:59    NW
10  22.1  34.1   18:56  13.5   06:41   1.3   5.0   0.0   2.7  23.4   11:06   WNW
11  20.9  28.6   13:56  16.1   05:51   0.4   3.1   0.0   1.7  14.8   14:49     N
12  19.4  22.8   16:25  16.9   08:31   0.2   1.3  10.2   3.4  22.0   04:16   NNE
13  23.3  32.9   17:20  16.3   06:19   0.1   5.1   1.2   1.8  13.3   13:04    NW
14  21.6  33.4   12:32  15.3   05:59   0.4   3.7   0.0   1.6  14.8   14:04     N
15  21.5  29.9   17:19  17.0   05:31   0.1   3.4   0.0   2.3  20.9   10:50   WNW
16  21.7  32.5   17:20  12.7   05:52   1.4   4.8   0.0   1.1  15.8   15:12   WNW
17  22.5  31.5   17:00  14.4   04:24   1.0   5.2   0.0   1.3  12.2   13:05     N
18  21.2  27.2   13:16  18.2   04:51   0.0   2.9   6.9   3.3  25.6   17:10   NNE
19  20.7  25.3   16:22  17.1   21:54   0.1   2.5  49.2   4.8  25.6   04:47   NNE
20  21.7  29.6   14:03  16.3   05:55   0.5   3.8   0.0   1.2  12.2   11:20     N
21  22.9  30.6   17:40  16.0   01:50   0.4   5.1   0.0   1.4  12.2   11:42   NNE
22  23.6  31.9   17:06  17.1   01:27   0.2   5.4   0.0   1.3  12.2   13:22     N
23  23.8  32.0   17:19  16.3   06:15   0.1   5.6   0.0   1.3  13.3   14:26     N
24  23.3  31.9   16:55  15.9   05:43   0.5   5.6   0.0   1.1  11.2   12:53     N
25  23.6  31.8   13:33  18.8   00:00   0.0   5.3   0.9   1.1  12.2   17:03     N
26  24.0  32.3   16:09  16.5   06:14   0.6   5.8   0.0   0.7   8.6   15:21   NNE
27  25.1  32.3   10:03  19.7   22:21   0.0   6.8   0.6   1.4  13.3   12:52   NNW
28  21.5  27.4   16:25  18.3   06:40   0.0   3.2  12.3   0.8  13.3   10:11   NNW
29  23.6  30.4   12:30  18.2   01:25   0.0   5.3   0.0   1.9  14.8   15:35   NNE
30  24.7  33.3   17:31  18.4   23:46   0.0   6.5  13.2   1.5  12.2   15:51     N
31  21.1  32.5   13:36  16.5   02:47   0.4   3.2   3.9   0.8  12.2   14:27    NW
----------------------------------------------------------------------------------
    21.6  34.1    10     7.7     6    18.9 120.8 182.4   1.8  33.1     8       N

Max >=  27.0: 24
Max <=   0.0:  0
Min <=   0.0:  0
Min <= -18.0:  0
Max Rain: 49.2 on day 19
Days of Rain: 14 (>= 0.2 mm)  11 (>= 2.0 mm)  3 (>= 20.0 mm)
Heat Base: 18.3  Cool Base: 18.3  Method: Integration
:now::gauges::today::yesterday::this month::this year::records::monthly records:
:Forecast::NOAA Reports::rip WUClassic::NZLW Records::trends::forum:


Powered By: Cumulus v1.9.4 (1099)

NZ Local Weather Forum      Cumulus Top Weather Sites      New Zealand Top40 Weather Station Sites      Flag Counter