Opotiki, Bay of Plenty, NZ weather

NOAA Style Climate Reports

Select a Year or Month report

Report for 2015 Dec
                   Monthly Climatological Summary for Dec 2015

Name: Opotiki Town   City: Opotiki   State: Bay of Plenty, NZ.
Elevation: 7 m  Lat: S 38 00' 32"   Lon: E 177 17' 16"

                  Temperature (C), Rain (mm), Wind Speed (km/h)

                                      Heat  Cool        Avg
    Mean                              Deg   Deg         Wind                 Dom
Day Temp  High   Time   Low    Time   Days  Days  Rain  Speed High   Time    Dir
----------------------------------------------------------------------------------
 1  19.1  25.5   16:53  15.9   05:46   0.8   1.6   0.0   1.2  13.3   11:50    NW
 2  17.2  19.8   15:13  15.4   07:29   1.4   0.3   0.0   0.6   7.2   08:34    NW
 3  19.2  27.2   17:32  12.2   06:09   1.7   2.6   0.0   1.2  11.2   11:22   NNW
 4  19.7  25.6   16:08  14.3   05:52   0.9   2.3   0.0   1.2  11.2   12:16     N
 5  19.2  27.3   16:41  11.6   06:19   1.8   2.7   0.0   3.1  23.4   14:18   WNW
 6  19.0  26.7   16:12  13.5   05:10   1.3   1.9   0.0   1.8  15.8   13:39    NW
 7  17.8  23.5   12:18  13.3   23:57   1.6   1.1   2.1   2.7  19.4   11:05   WNW
 8  17.2  27.1   15:55   6.8   06:12   3.6   2.5   0.0   2.2  18.4   18:53   WNW
 9  17.6  27.2   11:12   7.2   05:35   3.4   2.7   0.0   1.8  15.8   15:16   NNW
10  19.8  32.4   18:20  11.5   05:57   1.5   3.1   0.0   2.0  17.3   14:07    NW
11  20.5  28.9   17:19  12.5   02:51   1.3   3.5   0.0   1.3  12.2   13:23     N
12  20.2  27.3   14:56  15.9   23:59   0.5   2.3   0.3   1.4  12.2   14:24     N
13  18.8  27.9   16:39  10.8   23:59   1.7   2.3   0.6   2.7  22.0   15:25   WNW
14  16.6  25.1   17:43   8.0   05:44   3.6   1.9   0.0   1.5  12.2   12:19   NNW
15  17.9  27.7   16:50   9.6   04:51   3.0   2.6   0.0   1.5  14.8   13:35   NNW
16  16.5  27.7   17:58   8.7   05:30   3.3   1.5   0.6   1.6  19.4   13:56   WNW
17  15.6  25.6   17:07   6.9   06:02   4.3   1.6   7.2   1.6  18.4   16:08    NW
18  17.8  30.1   16:24   9.8   05:42   3.6   3.0   5.4   1.1  17.3   12:32   NNE
19  18.8  31.6   15:03   6.8   05:50   4.1   4.6   0.0   1.0  13.3   12:16     N
20  17.9  27.5   16:19   7.9   05:51   3.1   2.7   0.0   1.5  15.8   13:58    NW
21  20.4  29.8   18:18  12.9   05:47   1.7   3.9   0.0   1.1  12.2   11:57     N
22  21.9  32.5   16:43  12.5   05:43   1.5   5.1   0.0   2.2  18.4   12:44    NW
23  19.9  29.7   16:17  13.2   22:10   1.2   2.8   0.0   1.7  17.3   13:14     N
24  18.4  26.7   14:26  13.0   06:43   1.8   1.9   0.0   1.2  12.2   13:42   NNE
25  20.5  29.6   16:51  13.9   05:22   1.3   3.5   0.9   1.0  12.2   12:21     N
26  19.6  29.7   10:30  10.3   05:21   2.4   3.8   0.0   1.4  14.8   13:57     N
27  21.3  32.5   16:34  11.6   05:52   2.1   5.1   0.0   1.2  19.4   15:38     N
28  20.0  29.1   18:01  14.0   04:37   1.3   3.0   0.0   1.5  14.8   12:41   NNW
29  21.1  30.7   17:46  12.1   06:23   1.4   4.2   0.0   1.4  18.4   21:18     N
30  21.2  30.3   17:06  12.8   06:17   1.5   4.4   0.0   1.0  13.3   12:41     N
31  23.3  35.5   17:04  14.4   05:52   0.9   5.8   0.0   1.1  13.3   11:16     N
----------------------------------------------------------------------------------
    19.2  35.5    31     6.8     8    63.6  90.3  17.1   1.5  23.4     5     NNW

Max >=  27.0: 23
Max <=   0.0:  0
Min <=   0.0:  0
Min <= -18.0:  0
Max Rain: 7.2 on day 17
Days of Rain: 7 (>= 0.2 mm)  3 (>= 2.0 mm)  0 (>= 20.0 mm)
Heat Base: 18.3  Cool Base: 18.3  Method: Integration
:now::gauges::today::yesterday::this month::this year::records::monthly records:
:Forecast::NOAA Reports::rip WUClassic::NZLW Records::trends::forum:


Powered By: Cumulus v1.9.4 (1099)

NZ Local Weather Forum      Cumulus Top Weather Sites      New Zealand Top40 Weather Station Sites      Flag Counter