Opotiki, Bay of Plenty, NZ weather

NOAA Style Climate Reports

Select a Year or Month report
V/Λ2018 > Jan Feb Mar Apr May Jun Jul Aug Sep Oct Nov Dec
V/Λ2017 > Jan Feb Mar Apr May Jun Jul Aug Sep Oct Nov Dec
V/Λ2016 > Jan Feb Mar Apr May Jun Jul Aug Sep Oct Nov Dec
V/Λ2015 > Jan Feb Mar Apr May Jun Jul Aug Sep Oct Nov Dec
V/Λ2014 > Jan Feb Mar Apr May Jun Jul Aug Sep Oct Nov Dec

Report for 2015 Sep
                   Monthly Climatological Summary for Sep 2015

Name: Opotiki Town   City: Opotiki   State: Bay of Plenty, NZ.
Elevation: 7 m  Lat: S 38 00' 32"   Lon: E 177 17' 16"

                  Temperature (C), Rain (mm), Wind Speed (km/h)

                                      Heat  Cool        Avg
    Mean                              Deg   Deg         Wind                 Dom
Day Temp  High   Time   Low    Time   Days  Days  Rain  Speed High   Time    Dir
----------------------------------------------------------------------------------
 1  12.5  14.2   12:58  10.5   00:07   5.8   0.0  12.0   1.9  30.6   16:52    NE
 2  13.7  20.3   11:05   9.5   02:04   4.8   0.2   6.0   1.2  18.4   23:03    NW
 3  12.7  20.1   13:39   5.6   23:55   5.7   0.0   3.0   2.7  20.9   12:15   WNW
 4   9.0  15.5   12:40   2.9   05:30   9.3   0.0   0.3   1.3  17.3   13:09   WNW
 5  11.8  21.0   13:51   5.9   23:54   6.6   0.1   0.0   1.0  13.3   15:38    NW
 6   9.9  19.0   14:21   2.8   23:58   8.4   0.0   0.0   2.7  23.4   13:07   WNW
 7   8.6  18.9   16:21   0.0   06:00   9.7   0.0   0.0   1.6  18.4   13:39   WNW
 8   8.5  19.1   15:37  -0.1   05:40   9.8   0.0   0.0   1.6  18.4   12:46   WNW
 9   8.8  18.3   13:22   1.2   05:56   9.5   0.0   0.0   0.9  14.8   14:56    NW
10  10.6  15.2   11:03   4.6   01:44   7.7   0.0  34.8   1.9  19.4   17:35     N
11  10.8  18.6   11:39   4.2   21:53   7.5   0.0   0.9   2.1  18.4   12:43   WNW
12   8.9  19.3   15:56   1.3   23:59   9.4   0.0   0.0   1.1  15.8   09:16     N
13   9.1  21.5   14:55  -0.8   06:21   9.5   0.2   0.0   1.0  17.3   13:19   NNW
14  12.4  23.9   13:50   4.5   00:43   6.3   0.4   0.0   1.1  13.3   14:37    NW
15  11.7  23.6   15:39   3.2   04:48   7.1   0.5   0.0   1.8  13.3   09:51   WNW
16  12.3  21.7   14:58   4.3   05:44   6.4   0.5   0.0   2.1  17.3   11:55   WNW
17  12.4  20.7   13:48   4.2   01:23   6.1   0.2   0.0   1.1  15.8   12:47    NW
18  14.1  18.1   11:34   8.9   23:57   4.2   0.0   3.6   2.2  23.4   09:06    NW
19  13.3  21.1   13:57   8.1   06:17   5.2   0.2   0.6   1.2  14.8   12:06    NW
20  12.9  21.4   13:54  10.2   22:30   5.6   0.2  25.5   1.1  17.3   16:02   NNE
21  10.6  19.0   16:43   7.3   23:46   7.7   0.0  39.0   0.7  11.2   13:00   NNW
22  13.2  25.3   15:45   6.4   23:33   6.0   0.9   0.0   1.0  13.3   09:40   NNE
23  11.7  19.7   12:24   3.7   06:06   6.6   0.0   1.2   1.3  17.3   13:05   WNW
24  14.1  23.3   14:17  10.9   04:32   4.4   0.3   6.6   0.8   9.7   09:49     N
25  13.7  23.0   14:54   4.7   23:58   5.2   0.6   0.0   1.5  17.3   09:46   NNE
26  10.7  20.9   15:10   3.3   04:40   7.8   0.2   0.0   1.5  20.9   12:15   NNE
27  12.3  22.4   12:35   3.6   06:32   6.3   0.5   9.6   1.4  13.3   14:26     N
28  11.5  19.1   16:13   6.3   23:53   6.8   0.0   4.8   0.5   9.7   15:18   NNE
29  12.2  24.3   14:28   3.9   05:51   7.1   1.0   0.3   0.8  12.2   15:46     N
30  12.0  21.1   15:16   3.7   06:48   6.8   0.6   0.0   1.2  12.2   15:32   NNW
----------------------------------------------------------------------------------
    11.5  25.3    22    -0.8    13   209.3   6.6 148.2   1.4  30.6     1      NW

Max >=  27.0:  0
Max <=   0.0:  0
Min <=   0.0:  3
Min <= -18.0:  0
Max Rain: 39.0 on day 21
Days of Rain: 15 (>= 0.2 mm)  10 (>= 2.0 mm)  3 (>= 20.0 mm)
Heat Base: 18.3  Cool Base: 18.3  Method: Integration
:now::gauges::today::yesterday::this month::this year::records::monthly records:
:Forecast::NOAA Reports::rip WUClassic::NZLW Records::trends::forum:


Powered By: Cumulus v1.9.4 (1099)

NZ Local Weather Forum      Cumulus Top Weather Sites      New Zealand Top40 Weather Station Sites      Flag Counter