Opotiki, Bay of Plenty, NZ weather

NOAA Style Climate Reports

Select a Year or Month report

Report for 2015 Jul
                   Monthly Climatological Summary for Jul 2015

Name: Opotiki Town   City: Opotiki   State: Bay of Plenty, NZ.
Elevation: 7 m  Lat: S 38 00' 32"   Lon: E 177 17' 16"

                  Temperature (C), Rain (mm), Wind Speed (km/h)

                                      Heat  Cool        Avg
    Mean                              Deg   Deg         Wind                 Dom
Day Temp  High   Time   Low    Time   Days  Days  Rain  Speed High   Time    Dir
----------------------------------------------------------------------------------
 1  10.0  20.7   10:23   3.8   02:55   8.4   0.1   0.0   0.8  14.8   13:24   WNW
 2   9.6  19.7   11:01   4.9   02:58   8.8   0.0   0.0   0.4   8.6   12:03    NW
 3  12.6  19.2   10:59   7.1   05:50   5.7   0.0   6.3   1.7  18.4   13:39     N
 4  13.6  16.2   13:07  10.1   22:36   4.7   0.0   7.2   0.5  12.2   00:59     N
 5  11.9  21.1   10:46   4.9   22:42   6.4   0.1   0.3   1.5  24.5   14:57     W
 6  10.6  20.1   15:02   4.0   00:51   7.8   0.0   0.0   1.7  18.4   12:57   WNW
 7  13.0  16.8   10:48   7.5   00:00   5.3   0.0  19.2   2.6  20.9   13:47   WNW
 8   7.0  11.2   00:03   1.2   23:55  11.3   0.0   5.4   1.1  15.8   08:07   NNE
 9   4.6  13.1   14:18  -1.5   05:09  13.7   0.0   0.0   0.9  17.3   12:58   NNW
10   6.8  16.3   14:51   0.3   07:07  11.6   0.0   0.0   1.0  18.4   12:43   NNW
11   5.6  18.3   15:10  -1.4   07:25  12.7   0.0   0.0   0.4   9.7   12:47    NW
12   5.9  17.9   10:55  -1.6   07:28  12.4   0.0   0.0   0.5  11.2   12:19   NNE
13   6.5  18.4   14:14  -1.2   03:50  11.8   0.0   0.0   0.5  11.2   10:02   NNW
14   8.2  15.9   11:13   0.6   04:26  10.1   0.0   0.0   1.7  15.8   14:32   NNE
15  12.3  14.2   11:03  10.5   00:00   6.0   0.0   3.6   5.1  24.5   13:09    NE
16  13.2  21.2   11:52   5.5   23:59   5.5   0.3  14.4   1.6  18.4   01:28    NW
17   8.3  18.9   15:36   1.3   07:12  10.0   0.0   0.0   0.8  14.8   12:50   WNW
18   9.3  15.6   15:38   2.4   04:53   9.0   0.0  33.6   3.2  31.7   21:27     N
19   8.8  16.0   13:59  -0.7   23:31   9.5   0.0   0.0   2.2  22.0   02:09   WNW
20   4.6  14.5   15:49  -2.9   06:35  13.7   0.0   0.0   0.5   9.7   11:42    NW
21   7.3  19.0   14:40   0.0   07:44  11.1   0.0   0.0   1.2  17.3   10:28   WNW
22   9.0  20.6   14:22   0.0   02:04   9.4   0.1   0.0   0.7  15.8   13:20     N
23   9.3  19.4   11:50   2.3   22:37   9.0   0.0   0.0   0.6   8.6   14:10    NW
24   6.3  15.4   11:29  -0.1   07:02  12.0   0.0   0.0   0.4   9.7   11:31   WNW
25   9.0  20.7   11:09   1.0   05:33   9.4   0.1   0.0   0.3   7.2   10:24     N
26  11.1  17.0   09:45   5.0   01:00   7.2   0.0   2.1   1.5  17.3   13:08   NNE
27  13.8  15.8   11:13  12.2   00:19   4.5   0.0  23.4   4.8  27.0   21:17   NNE
28  12.6  18.8   15:04   6.2   21:49   5.9   0.0   1.8   2.1  19.4   13:22   WNW
29   8.7  21.2   14:38   2.1   23:48   9.8   0.1   0.0   0.5  13.3   13:33    NW
30   6.2  20.5   15:20  -0.7   06:26  12.2   0.1   0.3   0.9  12.2   11:57   WNW
31   6.8  16.9   14:48  -1.2   07:11  11.5   0.0   0.0   0.6  12.2   15:57    NW
----------------------------------------------------------------------------------
     9.1  21.2    16    -2.9    20   286.4   0.9 117.6   1.4  31.7    18     NNW

Max >=  27.0:  0
Max <=   0.0:  0
Min <=   0.0: 11
Min <= -18.0:  0
Max Rain: 33.6 on day 18
Days of Rain: 12 (>= 0.2 mm)  9 (>= 2.0 mm)  2 (>= 20.0 mm)
Heat Base: 18.3  Cool Base: 18.3  Method: Integration
:now::gauges::today::yesterday::this month::this year::records::monthly records:
:Forecast::NOAA Reports::rip WUClassic::NZLW Records::trends::forum:


Powered By: Cumulus v1.9.4 (1099)

NZ Local Weather Forum      Cumulus Top Weather Sites      New Zealand Top40 Weather Station Sites      Flag Counter