Opotiki, Bay of Plenty, NZ weather

NOAA Style Climate Reports

Select a Year or Month report
V/Λ2018 > Jan Feb Mar Apr May Jun Jul Aug Sep Oct Nov Dec
V/Λ2017 > Jan Feb Mar Apr May Jun Jul Aug Sep Oct Nov Dec
V/Λ2016 > Jan Feb Mar Apr May Jun Jul Aug Sep Oct Nov Dec
V/Λ2015 > Jan Feb Mar Apr May Jun Jul Aug Sep Oct Nov Dec
V/Λ2014 > Jan Feb Mar Apr May Jun Jul Aug Sep Oct Nov Dec

Report for 2015 Jun
                   Monthly Climatological Summary for Jun 2015

Name: Opotiki Town   City: Opotiki   State: Bay of Plenty, NZ.
Elevation: 7 m  Lat: S 38 00' 32"   Lon: E 177 17' 16"

                  Temperature (C), Rain (mm), Wind Speed (km/h)

                                      Heat  Cool        Avg
    Mean                              Deg   Deg         Wind                 Dom
Day Temp  High   Time   Low    Time   Days  Days  Rain  Speed High   Time    Dir
----------------------------------------------------------------------------------
 1  12.7  16.6   15:25   9.0   07:45   5.6   0.0   6.9   1.9  20.9   17:37    NE
 2  15.8  17.0   10:39  14.4   12:40   2.5   0.0  73.5   6.6  33.1   12:47   NNE
 3  15.4  20.1   14:26  11.5   23:55   3.0   0.0  24.6   4.0  25.6   18:58   NNW
 4  12.6  17.8   11:51   7.9   04:49   5.8   0.0   1.5   2.1  24.5   13:17   WNW
 5  11.6  22.1   14:21   5.0   07:46   6.9   0.3   0.0   0.3  11.2   23:34   NNE
 6  10.9  16.0   13:07   6.4   03:09   7.4   0.0  13.5   0.3  12.2   21:59   NNE
 7   9.9  18.0   10:53   4.6   23:57   8.4   0.0   0.3   0.4  11.2   13:22    NW
 8   8.8  21.1   13:24   2.8   06:47   9.6   0.1   0.0   0.2   9.7   13:58    NW
 9  11.2  19.8   10:48   4.1   00:00   7.1   0.0   0.0   0.2   7.2   11:17     N
10  14.0  18.8   11:44  10.0   01:01   4.3   0.0   0.0   2.3  15.8   15:09   WNW
11  14.3  18.2   13:35   7.2   23:56   4.0   0.0   1.2   4.1  25.6   19:26   WNW
12  11.0  17.4   15:04   3.8   06:23   7.3   0.0   1.5   3.9  29.5   18:20     W
13  12.6  17.3   14:59   9.0   08:04   5.7   0.0   0.0   2.9  19.4   12:05   WNW
14  11.9  19.8   14:12   6.0   23:59   6.4   0.1   0.0   1.8  22.0   13:21   WNW
15   9.1  19.2   14:16   2.4   07:00   9.2   0.0   0.0   0.9  13.3   14:16   WNW
16   7.3  18.1   14:26   0.8   23:53  11.2   0.0   0.0   0.7  15.8   13:17   NNW
17   5.6  17.9   11:21  -0.8   07:00  12.7   0.0   0.0   0.7   9.7   13:08   WNW
18   7.9  14.7   12:45  -0.8   01:52  10.3   0.0   0.0   0.4  12.2   15:31   WNW
19  13.0  18.1   12:20   6.9   05:05   5.3   0.0   0.0   1.6  19.4   13:59   NNW
20  16.3  17.1   09:21  15.2   23:59   2.0   0.0  16.5   5.6  30.6   17:03   NNW
21  13.2  19.3   14:30   4.5   23:55   5.1   0.0   0.6   2.4  18.4   09:15   WNW
22   7.8  17.0   14:40   2.8   07:28  10.5   0.0   0.0   0.8  14.8   11:41     N
23   7.0  14.0   10:36   3.3   00:58  11.3   0.0   0.3   0.5  12.2   14:20   NNW
24   8.4  15.6   14:23   2.0   06:46   9.9   0.0   0.0   1.4  24.5   17:02    NW
25   8.6  18.1   11:07   1.8   23:50   9.7   0.0   0.0   0.9  13.3   00:18    NW
26   7.6  17.1   11:23  -0.4   06:44  10.7   0.0   0.0   0.6  11.2   14:06   WNW
27  10.2  20.5   15:08   2.4   23:00   8.2   0.0   0.0   0.9  12.2   09:11    NW
28   9.1  19.3   14:32   2.1   07:36   9.2   0.0   0.0   0.6  11.2   12:23   WNW
29  10.8  18.8   14:27   3.5   07:14   7.5   0.0   0.0   1.9  22.0   17:01   WNW
30  10.0  19.9   15:13   4.7   03:54   8.4   0.0   0.0   0.7  12.2   13:16   WNW
----------------------------------------------------------------------------------
    10.8  22.1     5    -0.8    17   225.2   0.5 140.4   1.7  33.1     2      NW

Max >=  27.0:  0
Max <=   0.0:  0
Min <=   0.0:  3
Min <= -18.0:  0
Max Rain: 73.5 on day 2
Days of Rain: 11 (>= 0.2 mm)  5 (>= 2.0 mm)  2 (>= 20.0 mm)
Heat Base: 18.3  Cool Base: 18.3  Method: Integration
:now::gauges::today::yesterday::this month::this year::records::monthly records:
:Forecast::NOAA Reports::rip WUClassic::NZLW Records::trends::forum:


Powered By: Cumulus v1.9.4 (1099)

NZ Local Weather Forum      Cumulus Top Weather Sites      New Zealand Top40 Weather Station Sites      Flag Counter