Opotiki, Bay of Plenty, NZ weather

NOAA Style Climate Reports

Select a Year or Month report
V/Λ2018 > Jan Feb Mar Apr May Jun Jul Aug Sep Oct Nov Dec
V/Λ2017 > Jan Feb Mar Apr May Jun Jul Aug Sep Oct Nov Dec
V/Λ2016 > Jan Feb Mar Apr May Jun Jul Aug Sep Oct Nov Dec
V/Λ2015 > Jan Feb Mar Apr May Jun Jul Aug Sep Oct Nov Dec
V/Λ2014 > Jan Feb Mar Apr May Jun Jul Aug Sep Oct Nov Dec

Report for 2015 May
                   Monthly Climatological Summary for May 2015

Name: Opotiki Town   City: Opotiki   State: Bay of Plenty, NZ.
Elevation: 7 m  Lat: S 38 00' 32"   Lon: E 177 17' 16"

                  Temperature (C), Rain (mm), Wind Speed (km/h)

                                      Heat  Cool        Avg
    Mean                              Deg   Deg         Wind                 Dom
Day Temp  High   Time   Low    Time   Days  Days  Rain  Speed High   Time    Dir
----------------------------------------------------------------------------------
 1  10.3  22.3   13:59   1.3   06:49   8.5   0.5   0.0   0.8  13.3   15:35   WNW
 2  12.4  24.0   14:35   4.5   07:08   7.0   1.1   0.0   0.4   9.7   13:22     N
 3  12.9  22.2   15:20   7.2   00:24   6.1   0.6   0.0   0.5  12.2   13:52   WNW
 4  11.7  25.2   14:56   5.8   05:09   7.0   0.5   0.0   0.3   9.7   13:14    NW
 5  13.6  23.7   15:11   8.2   06:38   5.2   0.5   0.0   0.2   6.1   11:41     N
 6  15.4  23.0   12:46   9.2   05:41   3.4   0.6   1.2   0.7  18.4   15:07   NNW
 7  18.1  22.7   13:02  13.5   01:57   0.9   0.7   5.1   2.5  19.4   16:24     N
 8  17.6  19.5   11:40  14.6   23:51   0.8   0.1  39.6   3.2  20.9   07:21    NW
 9  14.3  22.8   10:05   6.9   23:54   4.8   0.8   0.3   0.8  15.8   14:15    NW
10  12.1  23.1   15:53   3.5   06:42   7.1   0.8   0.0   0.8  13.3   12:18    NW
11  13.8  23.0   13:51   6.0   05:44   5.2   0.6   1.8   0.9  14.8   14:16    NW
12  15.5  20.5   11:01   8.0   23:59   2.9   0.1  13.5   3.6  35.6   14:28    NW
13  11.6  21.2   15:24   4.6   07:15   7.0   0.3   0.0   0.7  11.2   13:04   NNE
14  14.9  23.2   12:46   7.1   00:19   3.8   0.4   6.0   2.3  23.4   23:05     N
15  14.5  21.7   10:37   5.5   23:50   4.0   0.2   9.9   4.2  37.8   13:47    NW
16  10.5  23.3   13:57   4.9   05:26   8.3   0.5   0.0   0.4   9.7   12:32   NNW
17  10.5  23.1   14:29   4.3   07:14   8.2   0.3   0.0   0.8  13.3   12:22   NNW
18   9.4  20.6   14:50   2.2   06:57   9.1   0.1   0.0   0.6  13.3   13:30    NW
19  10.6  24.4   15:20   3.7   05:21   8.4   0.7   0.0   0.4  15.8   14:25   NNE
20  10.3  20.0   13:54   3.3   04:51   8.0   0.0   0.0   0.3   7.2   13:29   NNE
21  13.7  19.0   12:38   7.6   07:18   4.6   0.0   0.9   2.0  20.9   23:31   WNW
22  13.3  20.9   14:01   8.0   20:15   5.3   0.2   3.3   1.4  17.3   02:29     N
23  12.4  14.1   05:59   9.6   00:00   5.9   0.0 109.8   0.8  14.8   05:18   NNE
24  13.2  19.1   13:25   8.9   21:30   5.1   0.0   0.0   2.9  19.4   17:05   WNW
25   8.6  15.4   13:48   0.8   23:39   9.7   0.0   0.0   2.4  25.6   13:49   WNW
26   6.8  16.2   11:01  -0.3   05:47  11.6   0.0   0.0   0.6   9.7   14:49    NW
27   7.5  21.5   15:31   1.1   02:30  10.9   0.1   0.0   0.5   8.6   12:46    NW
28   8.3  22.2   14:47   0.5   04:46  10.3   0.3   0.0   0.3  11.2   11:38    NE
29   8.6  19.9   14:17   2.5   07:04   9.7   0.1   0.0   0.3   7.2   13:21   NNW
30   9.4  21.3   14:53   1.2   07:07   9.2   0.3   0.0   0.3   6.1   13:03   NNE
31  10.8  20.2   13:49   4.9   01:21   7.6   0.1   0.0   0.3   9.7   13:01   NNE
----------------------------------------------------------------------------------
    12.0  25.2     4    -0.3    26   205.6  10.5 191.4   1.2  37.8    15      NW

Max >=  27.0:  0
Max <=   0.0:  0
Min <=   0.0:  1
Min <= -18.0:  0
Max Rain: 109.8 on day 23
Days of Rain: 11 (>= 0.2 mm)  7 (>= 2.0 mm)  2 (>= 20.0 mm)
Heat Base: 18.3  Cool Base: 18.3  Method: Integration
:now::gauges::today::yesterday::this month::this year::records::monthly records:
:Forecast::NOAA Reports::rip WUClassic::NZLW Records::trends::forum:


Powered By: Cumulus v1.9.4 (1099)

NZ Local Weather Forum      Cumulus Top Weather Sites      New Zealand Top40 Weather Station Sites      Flag Counter