Opotiki, Bay of Plenty, NZ weather

NOAA Style Climate Reports

Select a Year or Month report
V/Λ2018 > Jan Feb Mar Apr May Jun Jul Aug Sep Oct Nov Dec
V/Λ2017 > Jan Feb Mar Apr May Jun Jul Aug Sep Oct Nov Dec
V/Λ2016 > Jan Feb Mar Apr May Jun Jul Aug Sep Oct Nov Dec
V/Λ2015 > Jan Feb Mar Apr May Jun Jul Aug Sep Oct Nov Dec
V/Λ2014 > Jan Feb Mar Apr May Jun Jul Aug Sep Oct Nov Dec

Report for 2015 Mar
                   Monthly Climatological Summary for Mar 2015

Name: Opotiki Town   City: Opotiki   State: Bay of Plenty, NZ.
Elevation: 7 m  Lat: S 38 00' 32"   Lon: E 177 17' 16"

                  Temperature (C), Rain (mm), Wind Speed (km/h)

                                      Heat  Cool        Avg
    Mean                              Deg   Deg         Wind                 Dom
Day Temp  High   Time   Low    Time   Days  Days  Rain  Speed High   Time    Dir
----------------------------------------------------------------------------------
 1  21.6  30.4   17:07  15.4   07:29   0.9   4.2   0.0   1.1  11.2   15:30   NNW
 2  21.7  30.1   17:06  15.4   03:43   0.8   4.1   0.0   1.1  11.2   11:34     N
 3  19.7  30.7   17:21  14.0   05:34   1.3   2.6   0.0   0.3   9.7   13:01   NNE
 4  19.6  25.4   17:04  15.3   02:48   0.8   2.1   0.3   0.2   7.2   14:12     N
 5  21.8  29.7   16:44  14.2   05:58   0.8   4.3   0.0   1.3  11.2   12:59   NNE
 6  20.4  27.0   12:33  15.2   03:39   0.5   2.6   1.5   2.7  20.9   16:09   NNE
 7  20.5  27.5   16:38  18.0   05:18   0.0   2.2  22.5   2.9  28.1   19:48    NW
 8  21.2  30.3   17:15  12.7   23:59   0.6   3.5   0.3   3.9  27.0   03:19   WNW
 9  18.8  28.9   15:36  10.3   07:08   2.7   3.2   0.0   1.2  14.8   15:43    NW
10  21.2  30.2   17:28  14.5   07:35   1.2   4.1   0.0   0.9  12.2   14:11     N
11  21.2  29.2   14:40  14.6   07:17   0.7   3.6   6.9   0.9  12.2   13:14   NNE
12  19.7  26.0   11:50  16.5   07:05   0.5   2.0   0.0   0.5   9.7   15:11     N
13  20.3  29.3   17:29  12.9   07:00   1.6   3.6   0.0   1.0  15.8   16:12    NW
14  20.6  31.4   11:36  12.7   06:33   1.6   3.9   2.1   0.8  13.3   13:51   NNE
15  18.6  27.6   11:27  12.4   06:31   1.6   2.0   6.9   0.7  12.2   10:54   NNE
16  20.2  29.1   15:11  15.1   23:55   0.1   2.0   6.3   2.5  30.6   11:12   NNE
17  17.2  27.4   12:26  11.3   07:04   2.7   1.6  13.5   1.0  12.2   13:03    NW
18  15.0  26.6   17:08   5.9   06:56   4.8   1.5   0.0   1.2  15.8   13:51    NW
19  17.4  28.5   16:51  11.7   07:07   2.9   2.0   0.0   1.1  12.2   17:19   NNE
20  16.5  27.9   17:43   8.3   04:53   4.3   2.4   0.0   1.0  15.8   15:15     N
21  16.0  28.6   17:11   7.5   07:06   5.0   2.7   0.0   0.9  12.2   14:55     N
22  17.0  28.1   16:41   7.6   07:09   4.3   2.9   0.0   1.0  12.2   14:47     N
23  18.2  28.4   16:53  11.5   07:03   2.5   2.4   3.3   1.0  12.2   17:49   NNW
24  18.2  28.3   17:11  10.6   07:23   3.0   2.9   0.3   0.8  11.2   14:33   NNE
25  18.7  28.6   16:23  11.2   06:23   2.7   3.1   1.2   1.0  12.2   15:51     N
26  18.2  27.2   11:48  12.7   02:10   1.8   1.7   4.5   0.9  11.2   13:21   NNE
27  20.5  29.0   16:18  14.3   06:17   1.2   3.4   0.0   0.8  11.2   11:45   NNE
28  20.7  28.1   17:08  17.1   07:08   0.2   2.6   0.0   1.0  11.2   12:54   NNE
29  19.8  28.2   16:34  15.4   23:59   0.6   2.1  10.2   1.4  17.3   13:48    NW
30  17.8  28.0   16:55  10.6   06:47   3.0   2.4   0.0   1.2  14.8   12:44    NW
31  17.6  29.0   17:30   9.5   06:25   3.7   3.0   0.0   0.7  11.2   13:42   NNE
----------------------------------------------------------------------------------
    19.2  31.4    14     5.9    18    58.4  86.7  79.8   1.2  30.6    16       N

Max >=  27.0: 28
Max <=   0.0:  0
Min <=   0.0:  0
Min <= -18.0:  0
Max Rain: 22.5 on day 7
Days of Rain: 14 (>= 0.2 mm)  9 (>= 2.0 mm)  1 (>= 20.0 mm)
Heat Base: 18.3  Cool Base: 18.3  Method: Integration
:now::gauges::today::yesterday::this month::this year::records::monthly records:
:Forecast::NOAA Reports::rip WUClassic::NZLW Records::trends::forum:


Powered By: Cumulus v1.9.4 (1099)

NZ Local Weather Forum      Cumulus Top Weather Sites      New Zealand Top40 Weather Station Sites      Flag Counter