Opotiki, Bay of Plenty, NZ weather

NOAA Style Climate Reports

Select a Year or Month report
V/Λ2018 > Jan Feb Mar Apr May Jun Jul Aug Sep Oct Nov Dec
V/Λ2017 > Jan Feb Mar Apr May Jun Jul Aug Sep Oct Nov Dec
V/Λ2016 > Jan Feb Mar Apr May Jun Jul Aug Sep Oct Nov Dec
V/Λ2015 > Jan Feb Mar Apr May Jun Jul Aug Sep Oct Nov Dec
V/Λ2014 > Jan Feb Mar Apr May Jun Jul Aug Sep Oct Nov Dec

Report for 2015 Feb
                   Monthly Climatological Summary for Feb 2015

Name: Opotiki Town   City: Opotiki   State: Bay of Plenty, NZ.
Elevation: 7 m  Lat: S 38 00' 32"   Lon: E 177 17' 16"

                  Temperature (C), Rain (mm), Wind Speed (km/h)

                                      Heat  Cool        Avg
    Mean                              Deg   Deg         Wind                 Dom
Day Temp  High   Time   Low    Time   Days  Days  Rain  Speed High   Time    Dir
----------------------------------------------------------------------------------
 1  20.9  26.4   14:52  18.7   02:20   0.0   2.6  28.2   1.2  12.2   02:08   NNE
 2  21.9  29.9   15:40  18.5   03:57   0.0   3.6  14.4   2.0  15.8   17:52    NW
 3  24.2  31.5   16:00  17.0   23:53   0.0   6.0   0.0   3.4  20.9   13:44   WNW
 4  19.5  26.1   11:29  13.9   06:03   1.1   2.2   0.3   2.5  17.3   15:36    NW
 5  21.4  29.4   16:59  16.9   06:35   0.3   3.4   3.9   3.1  19.4   19:28   WNW
 6  20.1  27.7   16:51  12.0   23:55   1.0   2.9   0.0   4.6  23.4   03:47   WNW
 7  17.0  26.8   13:19   6.9   05:50   3.9   2.6   0.0   1.3  14.8   15:06    NW
 8  18.9  30.9   17:29  10.2   06:35   2.8   3.4   0.0   1.4  14.8   12:14    NW
 9  20.2  28.9   17:11  13.7   05:05   1.1   3.0   0.0   2.1  18.4   15:14   WNW
10  19.0  26.3   16:32  13.5   03:03   1.6   2.4   0.0   2.5  24.5   11:00    NE
11  18.0  25.8   15:02  10.6   04:25   2.0   1.8   0.0   1.0  18.4   17:14   NNE
12  19.9  30.9   15:47  14.1   23:56   1.3   2.9   0.0   1.1  13.3   14:32   NNE
13  18.3  29.2   17:54   8.9   06:15   3.2   3.1   0.0   1.3  15.8   15:47   NNW
14  18.2  30.2   17:07   9.9   06:03   3.2   3.1   0.0   0.9  15.8   13:15   NNE
15  17.7  30.2   17:07   6.2   06:43   4.3   3.6   0.0   1.2  13.3   15:31   NNE
16  19.2  29.0   12:19  10.6   01:23   2.2   3.0   0.3   1.4  17.3   15:52    NW
17  18.1  27.8   16:15  14.3   05:23   1.6   1.4   0.0   0.5  11.2   15:42   NNE
18  20.6  28.9   17:26  15.7   05:12   1.0   3.3   0.0   1.2  13.3   14:22   NNW
19  21.1  29.8   17:23  14.4   03:32   1.2   4.0   0.0   1.3  12.2   11:11     N
20  20.5  30.0   17:46  14.1   04:25   1.4   3.6   0.0   1.1  12.2   10:54   NNW
21  20.6  28.1   16:23  13.3   06:38   1.5   3.8   0.0   1.5  12.2   12:41   NNE
22  20.5  27.1   18:29  17.6   05:32   0.1   2.3  21.9   1.1  11.2   00:34   NNE
23  20.1  28.8   17:01  14.7   03:00   1.1   2.9   1.5   1.0  13.3   15:03   NNE
24  19.5  27.1   10:09  12.9   23:22   1.3   2.5   0.0   0.8  11.2   14:38   NNW
25  19.0  28.8   17:54  11.4   06:11   2.1   2.8   0.0   1.1  14.8   14:01    NW
26  21.6  34.0   16:55  15.9   23:49   0.6   3.9  27.9   1.1  15.8   11:23     N
27  20.2  28.3   14:02  15.8   01:20   0.7   2.6  12.9   1.3  15.8   03:54     N
28  21.2  29.4   18:20  15.0   06:06   1.0   3.9   0.0   1.0  13.3   15:02   NNW
----------------------------------------------------------------------------------
    19.9  34.0    26     6.2    15    41.6  86.6 111.3   1.6  24.5    10     NNW

Max >=  27.0: 23
Max <=   0.0:  0
Min <=   0.0:  0
Min <= -18.0:  0
Max Rain: 28.2 on day 1
Days of Rain: 9 (>= 0.2 mm)  6 (>= 2.0 mm)  3 (>= 20.0 mm)
Heat Base: 18.3  Cool Base: 18.3  Method: Integration
:now::gauges::today::yesterday::this month::this year::records::monthly records:
:Forecast::NOAA Reports::rip WUClassic::NZLW Records::trends::forum:


Powered By: Cumulus v1.9.4 (1099)

NZ Local Weather Forum      Cumulus Top Weather Sites      New Zealand Top40 Weather Station Sites      Flag Counter