Opotiki, Bay of Plenty, NZ weather

NOAA Style Climate Reports

Select a Year or Month report

Report for 2014 Sep
                   Monthly Climatological Summary for Sep 2014

Name: Opotiki Town   City: Opotiki   State: Bay of Plenty, NZ.
Elevation: 7 m  Lat: S 38 00' 32"   Lon: E 177 17' 16"

                  Temperature (C), Rain (mm), Wind Speed (km/h)

                                      Heat  Cool        Avg
    Mean                              Deg   Deg         Wind                 Dom
Day Temp  High   Time   Low    Time   Days  Days  Rain  Speed High   Time    Dir
----------------------------------------------------------------------------------
 1  14.5  21.1   13:04  10.3   01:09   3.9   0.1   0.3   3.1  23.4   16:30    NE
 2  15.6  23.4   15:26  10.3   21:49   3.5   0.9   0.0   1.4  22.0   11:43   NNE
 3  14.3  21.1   15:55   7.0   06:33   4.6   0.5   3.0   1.2  15.8   13:22    NW
 4  14.5  20.5   10:46  10.5   06:40   4.0   0.2   0.9   1.1  13.3   20:00   NNE
 5  15.0  21.8   16:10  10.6   06:15   3.7   0.4   1.5   0.7  11.2   08:23     N
 6  14.2  19.2   14:02  11.8   06:29   4.1   0.0  25.2   1.4  15.8   13:07    NE
 7  14.9  23.4   14:13   5.4   23:59   4.5   0.9   0.0   1.5  15.8   11:53   NNE
 8  12.3  21.7   16:45   3.8   02:24   6.4   0.4   0.0   1.8  15.8   13:43    NW
 9  12.3  21.7   14:44   4.7   06:23   6.4   0.4   0.0   1.0  13.3   09:46   NNE
10  12.4  19.8   13:53   7.7   00:00   5.9   0.0   0.0   0.9  14.8   12:56   NNE
11  12.3  19.6   10:28   6.5   05:49   6.0   0.0   7.2   1.5  19.4   14:15    NE
12  15.0  20.6   13:01   9.3   01:18   3.6   0.2  11.4   3.2  20.9   23:48    NE
13  14.3  15.3   21:32  12.8   12:04   4.0   0.0 144.6   4.3  25.6   07:12    NE
14  14.0  22.0   15:01   7.2   23:49   4.4   0.2  12.0   1.6  14.8   00:32    NW
15  11.1  20.7   16:04   3.0   05:31   7.3   0.1   0.0   1.2  15.8   12:29    NW
16  13.0  19.3   15:05   7.1   00:37   5.3   0.0   1.8   4.3  28.1   12:02   WNW
17  13.4  19.6   12:38   7.1   23:18   4.9   0.0   0.0   3.4  22.0   13:06   WNW
18  11.3  20.1   11:35   3.9   05:18   7.1   0.1   4.8   1.1  13.3   23:58    NW
19  14.4  20.0   14:24   8.6   22:41   3.9   0.1  12.6   3.6  19.4   02:13   NNW
20  11.4  18.3   13:55   5.4   06:12   6.9   0.0   3.3   3.6  34.2   10:58   WNW
21  10.1  17.8   13:21   4.2   23:12   8.2   0.0   0.3   1.6  14.8   10:26    NW
22   9.7  18.8   15:10   3.8   02:34   8.6   0.0   2.1   1.7  19.4   13:23   NNW
23  10.4  20.7   17:13   2.7   06:14   8.1   0.1   0.0   1.7  17.3   11:23    NW
24  13.2  25.7   14:40   2.8   05:35   6.4   1.4   0.0   1.5  14.8   11:01    NW
25  13.4  22.8   16:07   5.2   06:00   5.8   0.9   0.0   1.2  18.4   12:13   NNW
26  12.5  21.2   13:34   4.0   05:44   6.1   0.3   0.0   1.4  14.8   10:17   NNW
27  13.2  21.4   15:34   5.3   05:59   5.4   0.3   0.0   1.1  11.2   12:40   NNE
28  16.1  21.9   13:30  12.1   23:57   2.5   0.3  14.4   3.1  23.4   21:36   NNE
29  12.8  17.4   13:09  10.7   06:53   5.5   0.0   0.3   4.2  30.6   11:24   NNE
30  13.8  18.0   14:01  11.6   00:00   4.5   0.0   0.3   2.9  27.0   19:37   NNE
----------------------------------------------------------------------------------
    13.2  25.7    24     2.7    23   161.5   7.8 246.0   2.1  34.2    20       N

Max >=  27.0:  0
Max <=   0.0:  0
Min <=   0.0:  0
Min <= -18.0:  0
Max Rain: 144.6 on day 13
Days of Rain: 18 (>= 0.2 mm)  11 (>= 2.0 mm)  2 (>= 20.0 mm)
Heat Base: 18.3  Cool Base: 18.3  Method: Integration
:now::gauges::today::yesterday::this month::this year::records::monthly records:
:Forecast::NOAA Reports::rip WUClassic::NZLW Records::trends::forum:


Powered By: Cumulus v1.9.4 (1099)

NZ Local Weather Forum      Cumulus Top Weather Sites      New Zealand Top40 Weather Station Sites      Flag Counter