Opotiki, Bay of Plenty, NZ weather

NOAA Style Climate Reports

Select a Year or Month report
V/Λ2018 > Jan Feb Mar Apr May Jun Jul Aug Sep Oct Nov Dec V/Λ2017 > Jan Feb Mar Apr May Jun Jul Aug Sep Oct Nov Dec V/Λ2016 > Jan Feb Mar Apr May Jun Jul Aug Sep Oct Nov Dec V/Λ2015 > Jan Feb Mar Apr May Jun Jul Aug Sep Oct Nov Dec V/Λ2014 > Jan Feb Mar Apr May Jun Jul Aug Sep Oct Nov Dec

Report for 2014 Jul
                   Monthly Climatological Summary for Jul 2014

Name: Opotiki Town   City: Opotiki   State: Bay of Plenty, NZ.
Elevation: 7 m  Lat: S 38 00' 32"   Lon: E 177 17' 16"

                  Temperature (C), Rain (mm), Wind Speed (km/h)

                                      Heat  Cool        Avg
    Mean                              Deg   Deg         Wind                 Dom
Day Temp  High   Time   Low    Time   Days  Days  Rain  Speed High   Time    Dir
----------------------------------------------------------------------------------
 1  13.5  19.0   13:12   9.1   22:56   4.9   0.0   0.6   1.4  15.8   17:10   WNW
 2   8.5  17.2   15:27   2.7   23:58  10.0   0.0   1.2   1.7  37.8   15:50   WNW
 3   5.6  15.9   15:29   0.2   07:37  13.4   0.0   0.0   0.6  13.3   12:28   WNW
 4   6.5  17.8   13:52   1.0   22:42  12.0   0.0   0.0   0.5   9.7   15:53    NW
 5   9.5  16.3   15:26   2.2   00:26   8.8   0.0   0.6   1.2  15.8   16:58   WNW
 6   7.4  16.9   13:49   0.8   07:00  10.9   0.0   0.0   0.6  14.8   13:43   WNW
 7   9.2  21.8   15:11   2.5   02:19   9.2   0.1   0.0   0.6  12.2   12:06    NE
 8   9.2  15.4   12:53   2.6   07:22   9.1   0.0   0.0   0.9  12.2   16:57   NNE
 9  12.2  15.6   14:44   9.5   23:34   6.1   0.0   0.0   0.8  11.2   03:26   NNE
10  12.5  20.7   11:38   7.8   21:58   6.0   0.1   0.0   1.6  17.3   14:34    NE
11  11.8  17.9   14:47   6.2   02:44   6.5   0.0   0.0   2.5  22.0   23:56    NE
12  14.0  17.7   10:22  11.9   01:27   4.3   0.0  15.0   6.0  33.1   21:40    NE
13  14.2  21.2   13:51   9.7   22:06   4.4   0.3  20.7   1.9  23.4   00:44   NNE
14  11.9  22.8   13:42   6.5   23:39   6.8   0.4   0.0   0.4  11.2   14:14   NNE
15  10.3  19.4   14:06   3.4   07:05   8.2   0.0   0.0   1.0  14.8   10:48   NNE
16   8.2  17.7   14:09   2.5   22:37  10.3   0.0   0.0   0.4  13.3   14:34     N
17   7.2  17.5   15:09   0.2   06:38  11.1   0.0   0.0   0.8  15.8   13:41     N
18   9.3  21.9   15:34   1.2   07:35   9.2   0.2   0.0   0.7   9.7   00:48    NW
19   8.8  18.9   14:13   1.2   02:42   9.5   0.0   0.0   1.1  14.8   21:37   NNE
20  13.4  20.1   13:03   8.0   21:27   5.3   0.0   0.0   1.5  17.3   02:24   NNE
21   8.0  14.0   15:59   2.1   23:59  10.3   0.0   2.1   0.2   8.6   12:19    NW
22   6.7  16.5   15:19  -1.4   23:58  11.5   0.0   0.0   1.5  22.0   10:31   WNW
23   5.7  18.4   14:53  -2.6   06:40  12.8   0.0   0.0   0.6  17.3   14:34   NNW
24   6.8  17.9   15:33  -0.9   05:41  11.6   0.0   0.0   0.6  11.2   14:26   NNW
25   7.9  18.5   14:55   1.1   06:12  10.4   0.0   0.0   0.9  17.3   15:17   WNW
26   6.3  16.6   14:06  -1.1   06:14  12.0   0.0   0.0   1.1  14.8   14:09   WNW
27   6.1  17.7   13:39  -1.0   06:16  12.2   0.0   0.0   0.6  14.8   12:14   WNW
28   6.6  18.5   12:54  -1.3   07:04  12.0   0.0   0.0   0.5   9.7   11:59    NW
29   8.8  19.2   14:19   1.0   00:00   9.8   0.0   0.0   0.5   8.6   13:43   NNE
30  12.8  19.4   15:27   8.0   23:07   5.5   0.0   9.3   1.3  19.4   11:51    NW
31  11.2  20.7   14:20   5.9   04:21   7.2   0.2   0.0   0.4  11.2   13:19     N
----------------------------------------------------------------------------------
     9.4  22.8    14    -2.6    23   281.3   1.3  49.5   1.1  37.8     2       N

Max >=  27.0:  0
Max <=   0.0:  0
Min <=   0.0:  6
Min <= -18.0:  0
Max Rain: 20.7 on day 13
Days of Rain: 7 (>= 0.2 mm)  4 (>= 2.0 mm)  1 (>= 20.0 mm)
Heat Base: 18.3  Cool Base: 18.3  Method: Integration
:now::gauges::today::yesterday::this month::this year::records::monthly records:
:Forecast::NOAA Reports::rip WUClassic::NZLW Records::trends::forum:


Powered By: Cumulus v1.9.4 (1099)

NZ Local Weather Forum      Cumulus Top Weather Sites      New Zealand Top40 Weather Station Sites      Flag Counter